{"id":146,"date":"2022-01-21T15:52:14","date_gmt":"2022-01-21T14:52:14","guid":{"rendered":"https:\/\/www.trouville.fr\/rencontresgeopolitiques\/?page_id=146"},"modified":"2024-08-09T15:50:16","modified_gmt":"2024-08-09T13:50:16","slug":"2019-4emes","status":"publish","type":"page","link":"https:\/\/www.trouville.fr\/rencontresgeopolitiques\/archives\/2019-4emes\/","title":{"rendered":"2019"},"content":{"rendered":"\n<h2 class=\"wp-block-heading\" id=\"les-frontieres\">LES FRONTI\u00c8RES<\/h2>\n\n\n\n<h3 class=\"wp-block-heading\" id=\"4emes-rencontres-internationales-geopolitiques\">\u00b7 4\u00e8mes Rencontres Internationales G\u00e9opolitiques <\/h3>\n\n\n\n<p class=\"has-neve-link-color-color has-text-color has-medium-font-size\"><meta charset=\"utf-8\"><strong>ORGANIS\u00c9 PAR : Fr\u00e9d\u00e9ric Encel<\/strong><br><strong>SOUS LE HAUT PATRONAGE DU MINISTRE DE L\u2019EUROPE ET DES AFFAIRES \u00c9TRANG\u00c8RES, Jean-Yves Le Drian<\/strong><\/p>\n\n\n\n<section class=\"wp-block-uagb-columns uagb-columns__wrap uagb-columns__stack-mobile uagb-columns__valign-center uagb-columns__gap-10 align uagb-block-a9714968 uagb-columns__columns-2 uagb-columns__max_width-custom\"><div class=\"uagb-columns__overlay\"><\/div><div class=\"uagb-columns__inner-wrap uagb-columns__columns-2\">\n<div class=\"wp-block-uagb-column uagb-column__wrap uagb-column__background-undefined uagb-block-3b9ddf06\"><div class=\"uagb-column__overlay\"><\/div><div class=\"pgc-sgb-cb wp-block-pgcsimplygalleryblock-justified \" data-gallery-id=\"66a95993\"><div class=\"sgb-preloader\" id=\"pr_66a95993\">\n\t<div class=\"sgb-square\" style=\"background:#d4d4d4\"><\/div>\n\t<div class=\"sgb-square\" style=\"background:#d4d4d4\"><\/div>\n\t<div class=\"sgb-square\" style=\"background:#d4d4d4\"><\/div>\n\t<div class=\"sgb-square\" style=\"background:#d4d4d4\"><\/div><\/div><div class=\"simply-gallery-amp pgc_sgb_slider \"><noscript><div class=\"sgb-gallery\"><div class=\"sgb-item\"><a href=\"https:\/\/www.trouville.fr\/rencontresgeopolitiques\/archives\/2019-4emes\/prog-geopo-683x1024\/\" target=\"_blank\"><img decoding=\"async\" alt=\"\" width=\"200\" height=\"300\" loading=\"lazy\" src=\"https:\/\/www.trouville.fr\/rencontresgeopolitiques\/wp-content\/uploads\/2022\/02\/PROG-GEOPO-683x1024-1-200x300.jpg\" srcset=\"https:\/\/www.trouville.fr\/rencontresgeopolitiques\/wp-content\/uploads\/2022\/02\/PROG-GEOPO-683x1024-1-200x300.jpg 200w,https:\/\/www.trouville.fr\/rencontresgeopolitiques\/wp-content\/uploads\/2022\/02\/PROG-GEOPO-683x1024-1.jpg 683w\" sizes=\"auto, 250px\"\/><\/a><\/div><div class=\"sgb-item\"><a href=\"https:\/\/www.trouville.fr\/rencontresgeopolitiques\/archives\/2019-4emes\/prog-geopo2-683x1024\/\" target=\"_blank\"><img decoding=\"async\" alt=\"\" width=\"200\" height=\"300\" loading=\"lazy\" src=\"https:\/\/www.trouville.fr\/rencontresgeopolitiques\/wp-content\/uploads\/2022\/02\/PROG-GEOPO2-683x1024-1-200x300.jpg\" srcset=\"https:\/\/www.trouville.fr\/rencontresgeopolitiques\/wp-content\/uploads\/2022\/02\/PROG-GEOPO2-683x1024-1-200x300.jpg 200w,https:\/\/www.trouville.fr\/rencontresgeopolitiques\/wp-content\/uploads\/2022\/02\/PROG-GEOPO2-683x1024-1.jpg 683w\" sizes=\"auto, 250px\"\/><\/a><\/div><\/div><\/noscript><\/div><script type=\"application\/json\" class=\"sgb-data\">{\"lastRowFill\":true,\"collectionThumbRecomendedHeight\":450,\"collectionThumbMiniScreenScale\":true,\"thumbSpacing\":10,\"collectionthumbRoundedCorners\":10,\"galleryType\":\"pgc_sgb_justified\",\"galleryId\":\"66a95993\",\"images\":[{\"id\":658,\"title\":\"PROG-GEOPO-683x1024\",\"url\":\"https:\/\/www.trouville.fr\/rencontresgeopolitiques\/wp-content\/uploads\/2022\/02\/PROG-GEOPO-683x1024-1.jpg\",\"link\":\"https:\/\/www.trouville.fr\/rencontresgeopolitiques\/archives\/2019-4emes\/prog-geopo-683x1024\/\",\"alt\":\"\",\"description\":\"\",\"caption\":\"\",\"mime\":\"image\/jpeg\",\"type\":\"image\",\"width\":683,\"height\":1024,\"sizes\":{\"thumbnail\":{\"height\":150,\"width\":150,\"url\":\"https:\/\/www.trouville.fr\/rencontresgeopolitiques\/wp-content\/uploads\/2022\/02\/PROG-GEOPO-683x1024-1-150x150.jpg\",\"orientation\":\"landscape\"},\"medium\":{\"height\":300,\"width\":200,\"url\":\"https:\/\/www.trouville.fr\/rencontresgeopolitiques\/wp-content\/uploads\/2022\/02\/PROG-GEOPO-683x1024-1-200x300.jpg\",\"orientation\":\"portrait\"},\"full\":{\"url\":\"https:\/\/www.trouville.fr\/rencontresgeopolitiques\/wp-content\/uploads\/2022\/02\/PROG-GEOPO-683x1024-1.jpg\",\"height\":1024,\"width\":683,\"orientation\":\"portrait\"}},\"meta\":false,\"postlink\":\"https:\/\/www.trouville.fr\/rencontresgeopolitiques\/archives\/2019-4emes\/prog-geopo-683x1024\/\"},{\"id\":657,\"title\":\"PROG-GEOPO2-683x1024\",\"url\":\"https:\/\/www.trouville.fr\/rencontresgeopolitiques\/wp-content\/uploads\/2022\/02\/PROG-GEOPO2-683x1024-1.jpg\",\"link\":\"https:\/\/www.trouville.fr\/rencontresgeopolitiques\/archives\/2019-4emes\/prog-geopo2-683x1024\/\",\"alt\":\"\",\"description\":\"\",\"caption\":\"\",\"mime\":\"image\/jpeg\",\"type\":\"image\",\"width\":683,\"height\":1024,\"sizes\":{\"thumbnail\":{\"height\":150,\"width\":150,\"url\":\"https:\/\/www.trouville.fr\/rencontresgeopolitiques\/wp-content\/uploads\/2022\/02\/PROG-GEOPO2-683x1024-1-150x150.jpg\",\"orientation\":\"landscape\"},\"medium\":{\"height\":300,\"width\":200,\"url\":\"https:\/\/www.trouville.fr\/rencontresgeopolitiques\/wp-content\/uploads\/2022\/02\/PROG-GEOPO2-683x1024-1-200x300.jpg\",\"orientation\":\"portrait\"},\"full\":{\"url\":\"https:\/\/www.trouville.fr\/rencontresgeopolitiques\/wp-content\/uploads\/2022\/02\/PROG-GEOPO2-683x1024-1.jpg\",\"height\":1024,\"width\":683,\"orientation\":\"portrait\"}},\"meta\":false,\"postlink\":\"https:\/\/www.trouville.fr\/rencontresgeopolitiques\/archives\/2019-4emes\/prog-geopo2-683x1024\/\"}],\"galleryData\":\"{\\u0022pageMode\\u0022:false,\\u0022lastRowFill\\u0022:true,\\u0022collectionThumbRecomendedHeight\\u0022:450,\\u0022collectionThumbMiniScreenScale\\u0022:true,\\u0022thumbSpacing\\u0022:10,\\u0022externalLink\\u0022:true,\\u0022externalLinkDefName\\u0022:\\u0022Read More\\u0022,\\u0022externalLinkTextColor\\u0022:\\u0022rgba(0,0,0,1)\\u0022,\\u0022externalLinkBgColor\\u0022:\\u0022rgba(255,255,255,1)\\u0022,\\u0022externalLinkFontSize\\u0022:18,\\u0022captions\\u0022:true,\\u0022captionSrc\\u0022:\\u0022caption\\u0022,\\u0022captionHAlign\\u0022:\\u0022top\\u0022,\\u0022collectionthumbHoverTitleFontSize\\u0022:18,\\u0022collectionthumbRoundedCorners\\u0022:10,\\u0022collectionthumbHoverTitleTextColor\\u0022:\\u0022rgba(255,255,255,1)\\u0022,\\u0022collectionthumbHoverTitleTextBgColor\\u0022:\\u0022rgba(0,0,0,0.8)\\u0022,\\u0022collectionthumbHoverBgColor\\u0022:\\u0022rgba(0,0,0,0.4)\\u0022,\\u0022collectionThumbSubMenuDownload\\u0022:true,\\u0022collectionThumbSubMenuShare\\u0022:true,\\u0022collectionThumbSubMenuBgColor\\u0022:\\u0022rgba(0,0,0,0.4)\\u0022,\\u0022collectionThumbSubMenuBgColorHover\\u0022:\\u0022rgba(255,255,255,1)\\u0022,\\u0022collectionThumbSubMenuIconColor\\u0022:\\u0022rgba(255,255,255,1)\\u0022,\\u0022collectionThumbSubMenuIconColorHover\\u0022:\\u0022rgba(0,0,0,1)\\u0022,\\u0022settingsModalIsOpen\\u0022:false,\\u0022galleryType\\u0022:\\u0022pgc_sgb_justified\\u0022,\\u0022align\\u0022:\\u0022\\u0022,\\u0022galleryId\\u0022:\\u002266a95993\\u0022,\\u0022tagsListCustomMode\\u0022:false,\\u0022initGalleryByFirstTag\\u0022:false,\\u0022deepLinkingForTag\\u0022:false,\\u0022galleryTagsList\\u0022:[],\\u0022useClobalSettings\\u0022:false,\\u0022orderBy\\u0022:\\u0022custom\\u0022,\\u0022deepLinking\\u0022:false,\\u0022useLightbox\\u0022:true,\\u0022thumbClickAction\\u0022:\\u0022useLightbox\\u0022,\\u0022numItemsDisplayed\\u0022:0,\\u0022lazyLoading\\u0022:true,\\u0022contentNoPadding\\u0022:false,\\u0022galleryPreloaderColor\\u0022:\\u0022rgba(230,230,230,1)\\u0022,\\u0022galleryBgColor\\u0022:\\u0022rgba(0,0,0,0)\\u0022,\\u0022galleryBorderRadius\\u0022:0,\\u0022customCSS\\u0022:\\u0022\\u0022,\\u0022itemsPerPage\\u0022:20,\\u0022loadMoreDefName\\u0022:\\u0022Load More\\u0022,\\u0022loadMoreFontSize\\u0022:16,\\u0022loadMoreTextColor\\u0022:\\u0022rgba(255,255,255,1)\\u0022,\\u0022loadMoreBgColor\\u0022:\\u0022rgba(0,0,0,1)\\u0022,\\u0022tagsFilter\\u0022:false,\\u0022tagCloudAll\\u0022:\\u0022All\\u0022,\\u0022tagCloudBgColor\\u0022:\\u0022rgba(153,153,153,1)\\u0022,\\u0022tagCloudBgColorOver\\u0022:\\u0022rgba(253,253,253,1)\\u0022,\\u0022tagCloudTextColor\\u0022:\\u0022rgba(253,253,253,1)\\u0022,\\u0022tagCloudTextColorOver\\u0022:\\u0022rgba(153,153,153,1)\\u0022,\\u0022tagCloudFontSize\\u0022:16,\\u0022modaBgColor\\u0022:\\u0022rgba(0,0,0,0.8)\\u0022,\\u0022modalIconColor\\u0022:\\u0022rgba(255,255,255,1)\\u0022,\\u0022modalIconColorHover\\u0022:\\u0022rgba(255,255,255,0.8)\\u0022,\\u0022shareFacebook\\u0022:false,\\u0022shareTwitter\\u0022:false,\\u0022sharePinterest\\u0022:false,\\u0022sliderItemDownload\\u0022:true,\\u0022shareCopyLink\\u0022:true,\\u0022sharePost\\u0022:\\u0022sharelink\\u0022,\\u0022copyRProtection\\u0022:false,\\u0022copyRAlert\\u0022:\\u0022Hello, this photo is mine!\\u0022,\\u0022sliderScrollNavi\\u0022:false,\\u0022sliderFullSizeViewMode\\u0022:false,\\u0022sliderNextPrevAnimation\\u0022:\\u0022animation\\u0022,\\u0022galleryScrollPositionControll\\u0022:false,\\u0022sliderVideoAutoPlay\\u0022:false,\\u0022sliderVideoLoop\\u0022:false,\\u0022sliderItemCounterEnable\\u0022:false,\\u0022sliderCaptionSrc\\u0022:\\u0022caption\\u0022,\\u0022sliderItemTitleEnable\\u0022:false,\\u0022sliderItemTitleFontSize\\u0022:18,\\u0022sliderItemTitleTextColor\\u0022:\\u0022rgba(255,255,255,1)\\u0022,\\u0022itemCounterColor\\u0022:\\u0022rgba(255,255,255,1)\\u0022,\\u0022sliderThumbBarEnable\\u0022:false,\\u0022sliderThumbBarHoverColor\\u0022:\\u0022rgba(240,240,240,1)\\u0022,\\u0022sliderBgColor\\u0022:\\u0022rgba(0,0,0,0.7)\\u0022,\\u0022sliderPreloaderColor\\u0022:\\u0022rgba(240,240,240,1)\\u0022,\\u0022sliderHeaderFooterBgColor\\u0022:\\u0022rgba(0,0,0,0.4)\\u0022,\\u0022sliderNavigationColor\\u0022:\\u0022rgba(0,0,0,1)\\u0022,\\u0022sliderNavigationColorOver\\u0022:\\u0022rgba(255,255,255,1)\\u0022,\\u0022sliderNavigationIconColor\\u0022:\\u0022rgba(255,255,255,1)\\u0022,\\u0022sliderNavigationIconColorOver\\u0022:\\u0022rgba(0,0,0,1)\\u0022,\\u0022sliderSlideshow\\u0022:true,\\u0022sliderSlideshowDelay\\u0022:8,\\u0022slideshowIndicatorColor\\u0022:\\u0022rgba(255,255,255,1)\\u0022,\\u0022slideshowIndicatorColorBg\\u0022:\\u0022rgba(255,255,255,0.5)\\u0022,\\u0022sliderThumbSubMenuBackgroundColor\\u0022:\\u0022rgba(255,255,255,0)\\u0022,\\u0022sliderThumbSubMenuBackgroundColorOver\\u0022:\\u0022rgba(255,255,255,1)\\u0022,\\u0022sliderThumbSubMenuIconColor\\u0022:\\u0022rgba(255,255,255,1)\\u0022,\\u0022sliderThumbSubMenuIconHoverColor\\u0022:\\u0022rgba(0,0,0,1)\\u0022,\\u0022sliderSocialShareEnabled\\u0022:true,\\u0022sliderZoomEnable\\u0022:true,\\u0022sliderFullscreenEnabled\\u0022:true,\\u0022UAGHideDesktop\\u0022:false,\\u0022UAGHideMob\\u0022:false,\\u0022UAGHideTab\\u0022:false,\\u0022UAGLoggedIn\\u0022:false,\\u0022UAGLoggedOut\\u0022:false,\\u0022skin\\u0022:\\u0022justified\\u0022}\",\"shareFacebook\":false,\"shareTwitter\":false,\"sharePinterest\":false,\"sliderItemCounterEnable\":false,\"sliderThumbBarEnable\":false,\"sliderBgColor\":\"rgba(0,0,0,0.7)\",\"itemsMetaDataCollection\":[]}<\/script><script>(function(){if(window.PGC_SGB && window.PGC_SGB.searcher){window.PGC_SGB.searcher.initBlocks()}})()<\/script><\/div><\/div>\n\n\n\n<div class=\"wp-block-uagb-column uagb-column__wrap uagb-column__background-color uagb-block-968ebb61\"><div class=\"uagb-column__overlay\"><\/div>\n<h4 class=\"wp-block-heading has-text-align-right\" id=\"samedi-29-dimanche-30-juin-2019\">Samedi 29 &amp; dimanche 30 juin 2019<\/h4>\n\n\n\n<iframe loading=\"lazy\" width=\"800&quot;\" height=\"450\" src=\"https:\/\/www.youtube.com\/embed\/W-ZY6lRvuAQ?list=PLE0dTkZzTqhz0WopXtWEw-VtpW1T7YI2H\" title=\"YouTube video player\" frameborder=\"0\" allow=\"accelerometer; autoplay; clipboard-write; encrypted-media; gyroscope; picture-in-picture\" allowfullscreen=\"\"><\/iframe>\n<\/div>\n<\/div><\/section>\n\n\n\n<div style=\"height:100px\" aria-hidden=\"true\" class=\"wp-block-spacer\"><\/div>\n\n\n\n<hr class=\"wp-block-separator has-text-color has-neve-link-hover-color-color has-css-opacity has-neve-link-hover-color-background-color has-background is-style-default\"\/>\n\n\n\n\t\t\t<div class=\"wp-block-uagb-post-carousel uagb-post-grid  uagb-post__image-position-top uagb-post__image-enabled uagb-block-8f930e46     uagb-post__arrow-outside uagb-slick-carousel uagb-post__items uagb-post__columns-5 is-carousel uagb-post__columns-tablet-2 uagb-post__columns-mobile-1 uagb-post__carousel_equal-height\" data-total=\"1\" style=\"\">\n\n\t\t\t\t\t\t\t\t\t\t\t\t<article class=\"uagb-post__inner-wrap\">\t\t\t\t\t\t\t\t<h2 class=\"uagb-post__title uagb-post__text\">\n\t\t\t\t<a href=\"https:\/\/www.trouville.fr\/rencontresgeopolitiques\/2024-2\/\" target=\"_self\" rel=\"bookmark noopener noreferrer\">2024<\/a>\n\t\t\t<\/h2>\n\t\t\t\t\t\t<div class='uagb-post__text uagb-post-grid-byline'>\n\t\t\t\t\t\t\t<\/div>\n\t\t\t\n\t\t\t\t\t\t\t\t\t<\/article>\n\t\t\t\t\t\t\t\t\t\t\t\t\t\t\t\t<article class=\"uagb-post__inner-wrap\">\t\t\t\t\t\t\t\t<h2 class=\"uagb-post__title uagb-post__text\">\n\t\t\t\t<a href=\"https:\/\/www.trouville.fr\/rencontresgeopolitiques\/2023-2\/\" target=\"_self\" rel=\"bookmark noopener noreferrer\">2023<\/a>\n\t\t\t<\/h2>\n\t\t\t\t\t\t<div class='uagb-post__text uagb-post-grid-byline'>\n\t\t\t\t\t\t\t<\/div>\n\t\t\t\n\t\t\t\t\t\t\t\t\t<\/article>\n\t\t\t\t\t\t\t\t\t\t\t\t\t\t\t\t<article class=\"uagb-post__inner-wrap\">\t\t\t\t\t\t\t\t<h2 class=\"uagb-post__title uagb-post__text\">\n\t\t\t\t<a href=\"https:\/\/www.trouville.fr\/rencontresgeopolitiques\/2022-2\/\" target=\"_self\" rel=\"bookmark noopener noreferrer\">2022<\/a>\n\t\t\t<\/h2>\n\t\t\t\t\t\t<div class='uagb-post__text uagb-post-grid-byline'>\n\t\t\t\t\t\t\t<\/div>\n\t\t\t\n\t\t\t\t\t\t\t\t\t<\/article>\n\t\t\t\t\t\t\t\t\t\t\t\t\t\t\t\t<article class=\"uagb-post__inner-wrap\">\t\t\t\t\t\t\t\t<h2 class=\"uagb-post__title uagb-post__text\">\n\t\t\t\t<a href=\"https:\/\/www.trouville.fr\/rencontresgeopolitiques\/archives\/2016-1eres\/\" target=\"_self\" rel=\"bookmark noopener noreferrer\">2016<\/a>\n\t\t\t<\/h2>\n\t\t\t\t\t\t<div class='uagb-post__text uagb-post-grid-byline'>\n\t\t\t\t\t\t\t<\/div>\n\t\t\t\n\t\t\t\t\t\t\t\t\t<\/article>\n\t\t\t\t\t\t\t\t\t\t\t\t\t\t\t\t<article class=\"uagb-post__inner-wrap\">\t\t\t\t\t\t\t\t<h2 class=\"uagb-post__title uagb-post__text\">\n\t\t\t\t<a href=\"https:\/\/www.trouville.fr\/rencontresgeopolitiques\/archives\/2017-2emes\/\" target=\"_self\" rel=\"bookmark noopener noreferrer\">2017<\/a>\n\t\t\t<\/h2>\n\t\t\t\t\t\t<div class='uagb-post__text uagb-post-grid-byline'>\n\t\t\t\t\t\t\t<\/div>\n\t\t\t\n\t\t\t\t\t\t\t\t\t<\/article>\n\t\t\t\t\t\t\t\t\t\t\t\t\t\t\t\t<article class=\"uagb-post__inner-wrap\">\t\t\t\t\t\t\t\t<h2 class=\"uagb-post__title uagb-post__text\">\n\t\t\t\t<a href=\"https:\/\/www.trouville.fr\/rencontresgeopolitiques\/archives\/2018-3emes\/\" target=\"_self\" rel=\"bookmark noopener noreferrer\">2018<\/a>\n\t\t\t<\/h2>\n\t\t\t\t\t\t<div class='uagb-post__text uagb-post-grid-byline'>\n\t\t\t\t\t\t\t<\/div>\n\t\t\t\n\t\t\t\t\t\t\t\t\t<\/article>\n\t\t\t\t\t\t\t\t\t\t\t\t\t\t\t\t<article class=\"uagb-post__inner-wrap\">\t\t\t\t\t\t\t\t<h2 class=\"uagb-post__title uagb-post__text\">\n\t\t\t\t<a href=\"https:\/\/www.trouville.fr\/rencontresgeopolitiques\/archives\/2020-5emes\/\" target=\"_self\" rel=\"bookmark noopener noreferrer\">2020<\/a>\n\t\t\t<\/h2>\n\t\t\t\t\t\t<div class='uagb-post__text uagb-post-grid-byline'>\n\t\t\t\t\t\t\t<\/div>\n\t\t\t\n\t\t\t\t\t\t\t\t\t<\/article>\n\t\t\t\t\t\t\t\t\t\t\t\t\t\t\t\t<article class=\"uagb-post__inner-wrap\">\t\t\t\t\t\t\t\t<h2 class=\"uagb-post__title uagb-post__text\">\n\t\t\t\t<a href=\"https:\/\/www.trouville.fr\/rencontresgeopolitiques\/archives\/2021-6emes\/\" target=\"_self\" rel=\"bookmark noopener noreferrer\">2021<\/a>\n\t\t\t<\/h2>\n\t\t\t\t\t\t<div class='uagb-post__text uagb-post-grid-byline'>\n\t\t\t\t\t\t\t<\/div>\n\t\t\t\n\t\t\t\t\t\t\t\t\t<\/article>\n\t\t\t\t\t\t\t\t\t\t\t<\/div>\n\t\t\t","protected":false},"excerpt":{"rendered":"<p>LES FRONTI\u00c8RES \u00b7 4\u00e8mes Rencontres Internationales G\u00e9opolitiques ORGANIS\u00c9 PAR : Fr\u00e9d\u00e9ric EncelSOUS LE HAUT PATRONAGE DU MINISTRE DE L\u2019EUROPE ET DES AFFAIRES \u00c9TRANG\u00c8RES, Jean-Yves Le Drian Samedi 29 &amp; dimanche 30 juin 2019<\/p>\n","protected":false},"author":1,"featured_media":0,"parent":75,"menu_order":3,"comment_status":"closed","ping_status":"closed","template":"","meta":{"om_disable_all_campaigns":false,"_uag_custom_page_level_css":"","_monsterinsights_skip_tracking":false,"_monsterinsights_sitenote_active":false,"_monsterinsights_sitenote_note":"","_monsterinsights_sitenote_category":0,"neve_meta_sidebar":"","neve_meta_container":"","neve_meta_enable_content_width":"","neve_meta_content_width":0,"neve_meta_title_alignment":"","neve_meta_author_avatar":"","neve_post_elements_order":"","neve_meta_disable_header":"","neve_meta_disable_footer":"","neve_meta_disable_title":"","pgc_sgb_lightbox_settings":"","footnotes":""},"categories":[3],"tags":[],"class_list":["post-146","page","type-page","status-publish","hentry","category-archives"],"aioseo_notices":[],"featured_image_src":null,"featured_image_src_square":null,"uagb_featured_image_src":{"full":false,"thumbnail":false,"medium":false,"medium_large":false,"large":false,"1536x1536":false,"2048x2048":false,"ab-block-post-grid-landscape":false,"ab-block-post-grid-square":false,"neve-blog":false},"uagb_author_info":{"display_name":"admin","author_link":"https:\/\/www.trouville.fr\/rencontresgeopolitiques\/author\/admin\/"},"uagb_comment_info":0,"uagb_excerpt":"LES FRONTI\u00c8RES \u00b7 4\u00e8mes Rencontres Internationales G\u00e9opolitiques ORGANIS\u00c9 PAR : Fr\u00e9d\u00e9ric EncelSOUS LE HAUT PATRONAGE DU MINISTRE DE L\u2019EUROPE ET DES AFFAIRES \u00c9TRANG\u00c8RES, Jean-Yves Le Drian Samedi 29 &amp; dimanche 30 juin 2019","_links":{"self":[{"href":"https:\/\/www.trouville.fr\/rencontresgeopolitiques\/wp-json\/wp\/v2\/pages\/146","targetHints":{"allow":["GET"]}}],"collection":[{"href":"https:\/\/www.trouville.fr\/rencontresgeopolitiques\/wp-json\/wp\/v2\/pages"}],"about":[{"href":"https:\/\/www.trouville.fr\/rencontresgeopolitiques\/wp-json\/wp\/v2\/types\/page"}],"author":[{"embeddable":true,"href":"https:\/\/www.trouville.fr\/rencontresgeopolitiques\/wp-json\/wp\/v2\/users\/1"}],"replies":[{"embeddable":true,"href":"https:\/\/www.trouville.fr\/rencontresgeopolitiques\/wp-json\/wp\/v2\/comments?post=146"}],"version-history":[{"count":44,"href":"https:\/\/www.trouville.fr\/rencontresgeopolitiques\/wp-json\/wp\/v2\/pages\/146\/revisions"}],"predecessor-version":[{"id":1255,"href":"https:\/\/www.trouville.fr\/rencontresgeopolitiques\/wp-json\/wp\/v2\/pages\/146\/revisions\/1255"}],"up":[{"embeddable":true,"href":"https:\/\/www.trouville.fr\/rencontresgeopolitiques\/wp-json\/wp\/v2\/pages\/75"}],"wp:attachment":[{"href":"https:\/\/www.trouville.fr\/rencontresgeopolitiques\/wp-json\/wp\/v2\/media?parent=146"}],"wp:term":[{"taxonomy":"category","embeddable":true,"href":"https:\/\/www.trouville.fr\/rencontresgeopolitiques\/wp-json\/wp\/v2\/categories?post=146"},{"taxonomy":"post_tag","embeddable":true,"href":"https:\/\/www.trouville.fr\/rencontresgeopolitiques\/wp-json\/wp\/v2\/tags?post=146"}],"curies":[{"name":"wp","href":"https:\/\/api.w.org\/{rel}","templated":true}]}}