{"id":16,"date":"2017-03-10T10:36:35","date_gmt":"2017-03-10T09:36:35","guid":{"rendered":"https:\/\/www.trouville.fr\/MuseeVillaMontebello\/?page_id=16"},"modified":"2026-04-16T11:14:31","modified_gmt":"2026-04-16T09:14:31","slug":"le-musee-villa-montebello","status":"publish","type":"page","link":"https:\/\/www.trouville.fr\/MuseeVillaMontebello\/le-musee-villa-montebello\/","title":{"rendered":"Le Mus\u00e9e Villa Montebello"},"content":{"rendered":"\n\n\n<div class=\"wp-block-group advgb-dyn-273593c3\"><div class=\"wp-block-group__inner-container is-layout-constrained wp-block-group-is-layout-constrained\">\n<h1 class=\"wp-block-heading has-text-align-right has-huge-font-size\" id=\"expositions\">Exposition<\/h1>\n\n\n\n<div style=\"height:51px\" aria-hidden=\"true\" class=\"wp-block-spacer\"><\/div>\n\n\n\n<hr class=\"wp-block-separator has-text-color has-vivid-red-color has-alpha-channel-opacity has-vivid-red-background-color has-background is-style-wide\"\/>\n\n\n\n<h2 class=\"wp-block-heading has-text-align-left has-large-font-size\" id=\"juste-au-dessus-des-roches-noiresdu-26-fevrier-au-12-juin\"><strong>Charles P\u00e9crus<br><\/strong>[1826 &#8211; 1907]<\/h2>\n\n\n\n<h3 class=\"wp-block-heading has-text-align-right\" id=\"juste-au-dessus-des-roches-noiresdu-26-fevrier-au-12-juin\"><mark style=\"background-color:rgba(0, 0, 0, 0)\" class=\"has-inline-color has-vivid-red-color\">Du 21 mars au 20 septembre 2026<\/mark><\/h3>\n\n\n<div class=\"wp-block-image\">\n<figure data-wp-context=\"{&quot;imageId&quot;:&quot;69e18c6c5532c&quot;}\" data-wp-interactive=\"core\/image\" data-wp-key=\"69e18c6c5532c\" class=\"aligncenter size-full wp-lightbox-container\"><img loading=\"lazy\" decoding=\"async\" width=\"1123\" height=\"1587\" data-wp-class--hide=\"state.isContentHidden\" data-wp-class--show=\"state.isContentVisible\" data-wp-init=\"callbacks.setButtonStyles\" data-wp-on--click=\"actions.showLightbox\" data-wp-on--load=\"callbacks.setButtonStyles\" data-wp-on-window--resize=\"callbacks.setButtonStyles\" src=\"https:\/\/www.trouville.fr\/MuseeVillaMontebello\/wp-content\/uploads\/2026\/02\/MUSEE-I-EXPO-C.PECRUS.jpg\" alt=\"\" class=\"wp-image-1130\" style=\"object-fit:cover\" srcset=\"https:\/\/www.trouville.fr\/MuseeVillaMontebello\/wp-content\/uploads\/2026\/02\/MUSEE-I-EXPO-C.PECRUS.jpg 1123w, https:\/\/www.trouville.fr\/MuseeVillaMontebello\/wp-content\/uploads\/2026\/02\/MUSEE-I-EXPO-C.PECRUS-212x300.jpg 212w, https:\/\/www.trouville.fr\/MuseeVillaMontebello\/wp-content\/uploads\/2026\/02\/MUSEE-I-EXPO-C.PECRUS-725x1024.jpg 725w, https:\/\/www.trouville.fr\/MuseeVillaMontebello\/wp-content\/uploads\/2026\/02\/MUSEE-I-EXPO-C.PECRUS-768x1085.jpg 768w, https:\/\/www.trouville.fr\/MuseeVillaMontebello\/wp-content\/uploads\/2026\/02\/MUSEE-I-EXPO-C.PECRUS-1087x1536.jpg 1087w\" sizes=\"auto, (max-width: 706px) 89vw, (max-width: 767px) 82vw, 740px\" \/><button\n\t\t\tclass=\"lightbox-trigger\"\n\t\t\ttype=\"button\"\n\t\t\taria-haspopup=\"dialog\"\n\t\t\taria-label=\"Agrandir\"\n\t\t\tdata-wp-init=\"callbacks.initTriggerButton\"\n\t\t\tdata-wp-on--click=\"actions.showLightbox\"\n\t\t\tdata-wp-style--right=\"state.imageButtonRight\"\n\t\t\tdata-wp-style--top=\"state.imageButtonTop\"\n\t\t>\n\t\t\t<svg xmlns=\"http:\/\/www.w3.org\/2000\/svg\" width=\"12\" height=\"12\" fill=\"none\" viewBox=\"0 0 12 12\">\n\t\t\t\t<path fill=\"#fff\" d=\"M2 0a2 2 0 0 0-2 2v2h1.5V2a.5.5 0 0 1 .5-.5h2V0H2Zm2 10.5H2a.5.5 0 0 1-.5-.5V8H0v2a2 2 0 0 0 2 2h2v-1.5ZM8 12v-1.5h2a.5.5 0 0 0 .5-.5V8H12v2a2 2 0 0 1-2 2H8Zm2-12a2 2 0 0 1 2 2v2h-1.5V2a.5.5 0 0 0-.5-.5H8V0h2Z\" \/>\n\t\t\t<\/svg>\n\t\t<\/button><\/figure>\n<\/div>\n\n\n<figure class=\"wp-block-embed is-type-video is-provider-youtube wp-block-embed-youtube wp-embed-aspect-16-9 wp-has-aspect-ratio\"><div class=\"wp-block-embed__wrapper\">\n<iframe loading=\"lazy\" title=\"Vernissage CHARLES PECRUS\" width=\"525\" height=\"295\" src=\"https:\/\/www.youtube.com\/embed\/VvowbgpZNWA?feature=oembed\" frameborder=\"0\" allow=\"accelerometer; autoplay; clipboard-write; encrypted-media; gyroscope; picture-in-picture; web-share\" referrerpolicy=\"strict-origin-when-cross-origin\" allowfullscreen><\/iframe>\n<\/div><\/figure>\n\n\n<div class=\"wp-block-image\">\n<figure data-wp-context=\"{&quot;imageId&quot;:&quot;69e18c6c557b6&quot;}\" data-wp-interactive=\"core\/image\" data-wp-key=\"69e18c6c557b6\" class=\"aligncenter size-full wp-lightbox-container\"><img loading=\"lazy\" decoding=\"async\" width=\"1868\" height=\"2513\" data-wp-class--hide=\"state.isContentHidden\" data-wp-class--show=\"state.isContentVisible\" data-wp-init=\"callbacks.setButtonStyles\" data-wp-on--click=\"actions.showLightbox\" data-wp-on--load=\"callbacks.setButtonStyles\" data-wp-on-window--resize=\"callbacks.setButtonStyles\" src=\"https:\/\/www.trouville.fr\/MuseeVillaMontebello\/wp-content\/uploads\/2026\/02\/MOUETTE-N-18-PAGE-7-2.jpg\" alt=\"\" class=\"wp-image-1137\" srcset=\"https:\/\/www.trouville.fr\/MuseeVillaMontebello\/wp-content\/uploads\/2026\/02\/MOUETTE-N-18-PAGE-7-2.jpg 1868w, https:\/\/www.trouville.fr\/MuseeVillaMontebello\/wp-content\/uploads\/2026\/02\/MOUETTE-N-18-PAGE-7-2-223x300.jpg 223w, https:\/\/www.trouville.fr\/MuseeVillaMontebello\/wp-content\/uploads\/2026\/02\/MOUETTE-N-18-PAGE-7-2-761x1024.jpg 761w, https:\/\/www.trouville.fr\/MuseeVillaMontebello\/wp-content\/uploads\/2026\/02\/MOUETTE-N-18-PAGE-7-2-768x1033.jpg 768w, https:\/\/www.trouville.fr\/MuseeVillaMontebello\/wp-content\/uploads\/2026\/02\/MOUETTE-N-18-PAGE-7-2-1142x1536.jpg 1142w, https:\/\/www.trouville.fr\/MuseeVillaMontebello\/wp-content\/uploads\/2026\/02\/MOUETTE-N-18-PAGE-7-2-1522x2048.jpg 1522w\" sizes=\"auto, (max-width: 706px) 89vw, (max-width: 767px) 82vw, 740px\" \/><button\n\t\t\tclass=\"lightbox-trigger\"\n\t\t\ttype=\"button\"\n\t\t\taria-haspopup=\"dialog\"\n\t\t\taria-label=\"Agrandir\"\n\t\t\tdata-wp-init=\"callbacks.initTriggerButton\"\n\t\t\tdata-wp-on--click=\"actions.showLightbox\"\n\t\t\tdata-wp-style--right=\"state.imageButtonRight\"\n\t\t\tdata-wp-style--top=\"state.imageButtonTop\"\n\t\t>\n\t\t\t<svg xmlns=\"http:\/\/www.w3.org\/2000\/svg\" width=\"12\" height=\"12\" fill=\"none\" viewBox=\"0 0 12 12\">\n\t\t\t\t<path fill=\"#fff\" d=\"M2 0a2 2 0 0 0-2 2v2h1.5V2a.5.5 0 0 1 .5-.5h2V0H2Zm2 10.5H2a.5.5 0 0 1-.5-.5V8H0v2a2 2 0 0 0 2 2h2v-1.5ZM8 12v-1.5h2a.5.5 0 0 0 .5-.5V8H12v2a2 2 0 0 1-2 2H8Zm2-12a2 2 0 0 1 2 2v2h-1.5V2a.5.5 0 0 0-.5-.5H8V0h2Z\" \/>\n\t\t\t<\/svg>\n\t\t<\/button><\/figure>\n<\/div>\n\n\n<div style=\"height:51px\" aria-hidden=\"true\" class=\"wp-block-spacer\"><\/div>\n\n\n\n<div class=\"wp-block-group advgb-dyn-6bbbaf52\"><div class=\"wp-block-group__inner-container is-layout-constrained wp-block-group-is-layout-constrained\">\n<hr class=\"wp-block-separator has-text-color has-vivid-red-color has-alpha-channel-opacity has-vivid-red-background-color has-background is-style-wide\"\/>\n\n\n\n<p class=\"has-medium-font-size\">Et toujours, les collections permanentes du mus\u00e9e, avec une salle sur l\u2019histoire des bains de mer, la salle Andr\u00e9 Hambourg et la salle sur Trouville vue par les peintres.&nbsp;<\/p>\n\n\n\n<figure class=\"wp-block-image size-large\"><img loading=\"lazy\" decoding=\"async\" width=\"1024\" height=\"726\" src=\"https:\/\/www.trouville.fr\/MuseeVillaMontebello\/wp-content\/uploads\/2021\/05\/39-15_N-1024x726.jpg\" alt=\"\" class=\"wp-image-533\" srcset=\"https:\/\/www.trouville.fr\/MuseeVillaMontebello\/wp-content\/uploads\/2021\/05\/39-15_N-1024x726.jpg 1024w, https:\/\/www.trouville.fr\/MuseeVillaMontebello\/wp-content\/uploads\/2021\/05\/39-15_N-300x213.jpg 300w, https:\/\/www.trouville.fr\/MuseeVillaMontebello\/wp-content\/uploads\/2021\/05\/39-15_N-768x544.jpg 768w, https:\/\/www.trouville.fr\/MuseeVillaMontebello\/wp-content\/uploads\/2021\/05\/39-15_N-1536x1088.jpg 1536w, https:\/\/www.trouville.fr\/MuseeVillaMontebello\/wp-content\/uploads\/2021\/05\/39-15_N.jpg 2000w\" sizes=\"auto, (max-width: 706px) 89vw, (max-width: 767px) 82vw, 740px\" \/><\/figure>\n<\/div><\/div>\n\n\n\n<div class=\"wp-block-group\"><div class=\"wp-block-group__inner-container is-layout-flow wp-block-group-is-layout-flow\">\n<hr class=\"wp-block-separator has-css-opacity is-style-wide\"\/>\n\n\n\n\n\n<div class=\"wp-block-group advgb-dyn-fc58b1bc\"><div class=\"wp-block-group__inner-container is-layout-constrained wp-block-group-is-layout-constrained\">\n<h1 class=\"wp-block-heading has-text-align-center has-huge-font-size\" id=\"jours-heures-d-ouverture\">Jours &amp; heures d&rsquo;ouverture<\/h1>\n\n\n\n<hr class=\"wp-block-separator has-text-color has-vivid-red-color has-alpha-channel-opacity has-vivid-red-background-color has-background is-style-wide\"\/>\n\n\n\n<p class=\"has-text-align-center\"><strong>Du 21 mars au 31 mai 2026 et du 1<sup>er<\/sup> octobre 2026 au 3 janvier 2027<\/strong><\/p>\n\n\n\n<figure class=\"wp-block-table\"><table class=\"has-fixed-layout\"><tbody><tr><td class=\"has-text-align-center\" data-align=\"center\">Du lundi au vendredi <\/td><td class=\"has-text-align-center\" data-align=\"center\">14:00\u201317:30<\/td><\/tr><tr><td class=\"has-text-align-center\" data-align=\"center\">Les samedis, dimanches, jours f\u00e9ri\u00e9s <br>et tous les jours pendant les vacances scolaires<\/td><td class=\"has-text-align-center\" data-align=\"center\">10:00\u201312:00, 14:00\u201317:30<\/td><\/tr><\/tbody><\/table><\/figure>\n\n\n\n<p class=\"has-text-align-center\"><strong>Du 1<sup>er<\/sup> juin au 30 septembre 2026<\/strong><\/p>\n\n\n\n<figure class=\"wp-block-table\"><table class=\"has-fixed-layout\"><tbody><tr><td class=\"has-text-align-center\" data-align=\"center\">Ouvert tous les jours<\/td><td class=\"has-text-align-center\" data-align=\"center\">10:00\u201312:00, 14:00\u201317:30<\/td><\/tr><\/tbody><\/table><\/figure>\n<\/div><\/div>\n\n\n\n<hr class=\"wp-block-separator has-text-color has-vivid-red-color has-alpha-channel-opacity has-vivid-red-background-color has-background is-style-wide\"\/>\n<\/div><\/div>\n\n\n\n<p class=\"has-text-align-center has-normal-font-size\"><strong>Plein tarif<\/strong> : 8,00 \u20ac <strong>\u2022 Tarif r\u00e9duit<\/strong> : 4,00 \u20ac <strong>\u2022 Audioguide<\/strong> : 2,00 \u20ac<\/p>\n\n\n\n<p class=\"has-small-font-size\">Le tarif <strong>r\u00e9duit*<\/strong> est accord\u00e9 aux moins de 18 ans, \u00e9tudiants, enseignants, journalistes, demandeurs d\u2019emploi, familles nombreuses, aux groupes (plus de 10 personnes) et pour tous d\u00e8s lors que l\u2019acc\u00e8s \u00e0 un \u00e9tage du mus\u00e9e n\u2019est pas possible, aux personnes disposant d\u2019un billet pour la travers\u00e9e maritime entre Le Havre et Trouville-sur-Mer (valable uniquement le jour de la travers\u00e9e et pour les travers\u00e9es organis\u00e9es par le P\u00f4le M\u00e9tropolitain de l\u2019Estuaire de la Seine), aux visiteurs payants des Franciscaines et aux porteurs de la carte d\u2019abonnement PASS FRIENDCISCAINES, aux adh\u00e9rents du CNAS.<\/p>\n\n\n\n<p class=\"has-small-font-size\">Le mus\u00e9e est <strong>gratuit**<\/strong> pour tous lors de la Nuit europ\u00e9enne des Mus\u00e9es, pour tous lors des Journ\u00e9es europ\u00e9ennes du Patrimoine, pour les Amis du Mus\u00e9e de Trouville et du Pass\u00e9 r\u00e9gional, les moins de 12 ans, les personnels des mus\u00e9es (cartes de l\u2019AGCCPF, de l\u2019ICOM, carte culture et mus\u00e9opass), les membres de la Maison des Artistes, les personnes handicap\u00e9es avec un accompagnant, les artistes expos\u00e9s, les pr\u00eateurs, les salari\u00e9s et agents des Franciscaines Deauville.<\/p>\n\n\n\n<p class=\"has-small-font-size\"><strong>Le tarif r\u00e9duit* et la gratuit\u00e9** sont accord\u00e9s sur pr\u00e9sentation d\u2019un justificatif.<\/strong><\/p>\n\n\n\n<div class=\"wp-block-buttons is-content-justification-center is-layout-flex wp-container-core-buttons-is-layout-5e6b19ed wp-block-buttons-is-layout-flex\">\n<div class=\"wp-block-button is-style-outline aligncenter is-style-outline--1\"><a class=\"wp-block-button__link wp-element-button\" href=\"https:\/\/www.trouville.fr\/MuseeVillaMontebello\/tarifs\/\">Tous les tarifs<\/a><\/div>\n<\/div>\n\n\n\n<div style=\"height:40px\" aria-hidden=\"true\" class=\"wp-block-spacer\"><\/div>\n\n\n\n\n\n\n\n<hr class=\"wp-block-separator has-text-color has-white-color has-css-opacity has-white-background-color has-background is-style-wide advgb-dyn-77da8de4\"\/>\n\n\n\n\n\n<hr class=\"wp-block-separator has-text-color has-background has-light-green-cyan-background-color has-light-green-cyan-color is-style-wide\"\/>\n\n\n\n<div class=\"wp-block-columns are-vertically-aligned-center is-layout-flex wp-container-core-columns-is-layout-9d6595d7 wp-block-columns-is-layout-flex\">\n<div class=\"wp-block-column is-vertically-aligned-center is-layout-flow wp-block-column-is-layout-flow\" style=\"flex-basis:66.66%\">\n<p class=\"has-text-align-right has-medium-font-size\">Mus\u00e9e d\u2019art et d\u2019histoire baln\u00e9aire, les collections sont centr\u00e9es sur les beaux-arts (peintures, dessins, estampes) des romantiques d\u00e9couvreurs aux artistes du 20<sup>\u00e8me<\/sup>&nbsp;si\u00e8cle et contiennent nombre d\u2019\u0153uvres d\u2019affichistes renomm\u00e9s tel le c\u00e9l\u00e8bre Trouvillais d\u2019adoption, Raymond Savignac.<\/p>\n<\/div>\n\n\n\n<div class=\"wp-block-column is-vertically-aligned-center is-layout-flow wp-block-column-is-layout-flow\" style=\"flex-basis:33.33%\">\n<div class=\"wp-block-image\"><figure class=\"alignright size-large\"><a href=\"https:\/\/collections.musees-normandie.fr\/ark:\/16418\/mvt\" target=\"_blank\" rel=\"noopener noreferrer\"><img loading=\"lazy\" decoding=\"async\" width=\"177\" height=\"266\" src=\"https:\/\/www.trouville.fr\/MuseeVillaMontebello\/wp-content\/uploads\/2020\/04\/Trouville.png\" alt=\"\" class=\"wp-image-305\"\/><\/a><\/figure><\/div>\n<\/div>\n<\/div>\n\n\n\n<hr class=\"wp-block-separator has-text-color has-background has-light-green-cyan-background-color has-light-green-cyan-color is-style-wide\"\/>\n\n\n\n<p><\/p>\n\n\n\n<div class=\"wp-block-uagb-buttons uagb-buttons__outer-wrap uagb-btn__default-btn uagb-btn-tablet__default-btn uagb-btn-mobile__default-btn uagb-block-38e068f5\"><div class=\"uagb-buttons__wrap uagb-buttons-layout-wrap \">\n<div class=\"wp-block-uagb-buttons-child uagb-buttons__outer-wrap uagb-block-3ff4668f wp-block-button\"><div class=\"uagb-button__wrapper\"><a class=\"uagb-buttons-repeater wp-block-button__link\" aria-label=\"\" href=\"https:\/\/www.trouville.fr\/MuseeVillaMontebello\/wp-content\/uploads\/2025\/12\/Reglement-interieur-MVM-Version-2025-signe-SdG.pdf\" rel=\"follow noopener\" target=\"_blank\" role=\"button\"><div class=\"uagb-button__link\">Re\u0300glement inte\u0301rieur<br>du Mus\u00e9e Villa Montebello<\/div><span class=\"uagb-button__icon uagb-button__icon-position-after\"><svg xmlns=\"https:\/\/www.w3.org\/2000\/svg\" viewBox=\"0 0 384 512\" aria-hidden=\"true\" focussable=\"false\"><path d=\"M88 304H80V256H88C101.3 256 112 266.7 112 280C112 293.3 101.3 304 88 304zM192 256H200C208.8 256 216 263.2 216 272V336C216 344.8 208.8 352 200 352H192V256zM224 0V128C224 145.7 238.3 160 256 160H384V448C384 483.3 355.3 512 320 512H64C28.65 512 0 483.3 0 448V64C0 28.65 28.65 0 64 0H224zM64 224C55.16 224 48 231.2 48 240V368C48 376.8 55.16 384 64 384C72.84 384 80 376.8 80 368V336H88C118.9 336 144 310.9 144 280C144 249.1 118.9 224 88 224H64zM160 368C160 376.8 167.2 384 176 384H200C226.5 384 248 362.5 248 336V272C248 245.5 226.5 224 200 224H176C167.2 224 160 231.2 160 240V368zM288 224C279.2 224 272 231.2 272 240V368C272 376.8 279.2 384 288 384C296.8 384 304 376.8 304 368V320H336C344.8 320 352 312.8 352 304C352 295.2 344.8 288 336 288H304V256H336C344.8 256 352 248.8 352 240C352 231.2 344.8 224 336 224H288zM256 0L384 128H256V0z\"><\/path><\/svg><\/span><\/a><\/div><\/div>\n<\/div><\/div>\n\n\n\n<div style=\"height:120px\" aria-hidden=\"true\" class=\"wp-block-spacer\"><\/div>\n\n\n\n<p class=\"has-text-align-center has-small-font-size\">64, rue G\u00e9n\u00e9ral Leclerc | 14360 Trouville-sur-Mer | 02 31 88 16 26<\/p>\n<\/div><\/div>\n","protected":false},"excerpt":{"rendered":"<p>Exposition Charles P\u00e9crus[1826 &#8211; 1907] Du 21 mars au 20 septembre 2026 Et toujours, les collections permanentes du mus\u00e9e, avec une salle sur l\u2019histoire des bains de mer, la salle Andr\u00e9 Hambourg et la salle sur Trouville vue par les peintres.&nbsp; Jours &amp; heures d&rsquo;ouverture Du 21 mars au 31 mai 2026 et du 1er &hellip; <\/p>\n<p class=\"link-more\"><a href=\"https:\/\/www.trouville.fr\/MuseeVillaMontebello\/le-musee-villa-montebello\/\" class=\"more-link\">Continuer la lecture<span class=\"screen-reader-text\"> de &laquo;&nbsp;Le Mus\u00e9e Villa Montebello&nbsp;&raquo;<\/span><\/a><\/p>\n","protected":false},"author":1,"featured_media":458,"parent":0,"menu_order":0,"comment_status":"closed","ping_status":"closed","template":"","meta":{"_uag_custom_page_level_css":"","advgb_blocks_editor_width":"","advgb_blocks_columns_visual_guide":"","footnotes":""},"class_list":["post-16","page","type-page","status-publish","has-post-thumbnail","hentry"],"uagb_featured_image_src":{"full":["https:\/\/www.trouville.fr\/MuseeVillaMontebello\/wp-content\/uploads\/2020\/06\/Plage-MuseeVillaMontebello.jpg",2000,1200,false],"thumbnail":["https:\/\/www.trouville.fr\/MuseeVillaMontebello\/wp-content\/uploads\/2020\/06\/Plage-MuseeVillaMontebello-150x150.jpg",150,150,true],"medium":["https:\/\/www.trouville.fr\/MuseeVillaMontebello\/wp-content\/uploads\/2020\/06\/Plage-MuseeVillaMontebello-300x180.jpg",300,180,true],"medium_large":["https:\/\/www.trouville.fr\/MuseeVillaMontebello\/wp-content\/uploads\/2020\/06\/Plage-MuseeVillaMontebello-768x461.jpg",525,315,true],"large":["https:\/\/www.trouville.fr\/MuseeVillaMontebello\/wp-content\/uploads\/2020\/06\/Plage-MuseeVillaMontebello-1024x614.jpg",525,315,true],"1536x1536":["https:\/\/www.trouville.fr\/MuseeVillaMontebello\/wp-content\/uploads\/2020\/06\/Plage-MuseeVillaMontebello-1536x922.jpg",1536,922,true],"2048x2048":["https:\/\/www.trouville.fr\/MuseeVillaMontebello\/wp-content\/uploads\/2020\/06\/Plage-MuseeVillaMontebello.jpg",2000,1200,false],"twentyseventeen-featured-image":["https:\/\/www.trouville.fr\/MuseeVillaMontebello\/wp-content\/uploads\/2020\/06\/Plage-MuseeVillaMontebello-2000x1200.jpg",2000,1200,true],"twentyseventeen-thumbnail-avatar":["https:\/\/www.trouville.fr\/MuseeVillaMontebello\/wp-content\/uploads\/2020\/06\/Plage-MuseeVillaMontebello-100x100.jpg",100,100,true]},"uagb_author_info":{"display_name":"admin","author_link":"https:\/\/www.trouville.fr\/MuseeVillaMontebello\/author\/admin\/"},"uagb_comment_info":0,"uagb_excerpt":"Exposition Charles P\u00e9crus[1826 &#8211; 1907] Du 21 mars au 20 septembre 2026 Et toujours, les collections permanentes du mus\u00e9e, avec une salle sur l\u2019histoire des bains de mer, la salle Andr\u00e9 Hambourg et la salle sur Trouville vue par les peintres.&nbsp; Jours &amp; heures d&rsquo;ouverture Du 21 mars au 31 mai 2026 et du 1er\u2026","coauthors":[],"author_meta":{"author_link":"https:\/\/www.trouville.fr\/MuseeVillaMontebello\/author\/admin\/","display_name":"admin"},"relative_dates":{"created":"Publi\u00e9 9 ans il y a","modified":"Mis \u00e0 jour 14 heures il y a"},"absolute_dates":{"created":"Publi\u00e9 le 10 mars 2017","modified":"Mise \u00e0 jour le 16 avril 2026"},"absolute_dates_time":{"created":"Publi\u00e9 le 10 mars 2017 10 h 36 min","modified":"Mise \u00e0 jour le 16 avril 2026 11 h 14 min"},"featured_img_caption":"","featured_img":"https:\/\/www.trouville.fr\/MuseeVillaMontebello\/wp-content\/uploads\/2020\/06\/Plage-MuseeVillaMontebello.jpg","series_order":"","_links":{"self":[{"href":"https:\/\/www.trouville.fr\/MuseeVillaMontebello\/wp-json\/wp\/v2\/pages\/16","targetHints":{"allow":["GET"]}}],"collection":[{"href":"https:\/\/www.trouville.fr\/MuseeVillaMontebello\/wp-json\/wp\/v2\/pages"}],"about":[{"href":"https:\/\/www.trouville.fr\/MuseeVillaMontebello\/wp-json\/wp\/v2\/types\/page"}],"author":[{"embeddable":true,"href":"https:\/\/www.trouville.fr\/MuseeVillaMontebello\/wp-json\/wp\/v2\/users\/1"}],"replies":[{"embeddable":true,"href":"https:\/\/www.trouville.fr\/MuseeVillaMontebello\/wp-json\/wp\/v2\/comments?post=16"}],"version-history":[{"count":226,"href":"https:\/\/www.trouville.fr\/MuseeVillaMontebello\/wp-json\/wp\/v2\/pages\/16\/revisions"}],"predecessor-version":[{"id":1191,"href":"https:\/\/www.trouville.fr\/MuseeVillaMontebello\/wp-json\/wp\/v2\/pages\/16\/revisions\/1191"}],"wp:featuredmedia":[{"embeddable":true,"href":"https:\/\/www.trouville.fr\/MuseeVillaMontebello\/wp-json\/wp\/v2\/media\/458"}],"wp:attachment":[{"href":"https:\/\/www.trouville.fr\/MuseeVillaMontebello\/wp-json\/wp\/v2\/media?parent=16"}],"curies":[{"name":"wp","href":"https:\/\/api.w.org\/{rel}","templated":true}]}}